{"id":302,"date":"2023-02-16T20:07:23","date_gmt":"2023-02-16T19:07:23","guid":{"rendered":"https:\/\/scanlock.cz\/dvanula\/?page_id=302"},"modified":"2023-02-17T15:29:16","modified_gmt":"2023-02-17T14:29:16","slug":"nase_reseni-produkty","status":"publish","type":"page","link":"https:\/\/scanlock.cz\/dvanula\/nase_reseni-produkty\/","title":{"rendered":"Na\u0161e \u0159e\u0161en\u00ed, Produkty CZ"},"content":{"rendered":"","protected":false},"excerpt":{"rendered":"","protected":false},"author":1,"featured_media":106,"parent":0,"menu_order":0,"comment_status":"closed","ping_status":"closed","template":"","meta":{"footnotes":""},"class_list":["post-302","page","type-page","status-publish","has-post-thumbnail","hentry"],"_links":{"self":[{"href":"https:\/\/scanlock.cz\/dvanula\/wp-json\/wp\/v2\/pages\/302","targetHints":{"allow":["GET"]}}],"collection":[{"href":"https:\/\/scanlock.cz\/dvanula\/wp-json\/wp\/v2\/pages"}],"about":[{"href":"https:\/\/scanlock.cz\/dvanula\/wp-json\/wp\/v2\/types\/page"}],"author":[{"embeddable":true,"href":"https:\/\/scanlock.cz\/dvanula\/wp-json\/wp\/v2\/users\/1"}],"replies":[{"embeddable":true,"href":"https:\/\/scanlock.cz\/dvanula\/wp-json\/wp\/v2\/comments?post=302"}],"version-history":[{"count":1,"href":"https:\/\/scanlock.cz\/dvanula\/wp-json\/wp\/v2\/pages\/302\/revisions"}],"predecessor-version":[{"id":303,"href":"https:\/\/scanlock.cz\/dvanula\/wp-json\/wp\/v2\/pages\/302\/revisions\/303"}],"wp:featuredmedia":[{"embeddable":true,"href":"https:\/\/scanlock.cz\/dvanula\/wp-json\/wp\/v2\/media\/106"}],"wp:attachment":[{"href":"https:\/\/scanlock.cz\/dvanula\/wp-json\/wp\/v2\/media?parent=302"}],"curies":[{"name":"wp","href":"https:\/\/api.w.org\/{rel}","templated":true}]}}